rue
Does 228 divide 1491348?
True
Is 14 a factor of 4571441?
False
Is 32 a factor of 525951?
False
Is 870 a factor of 4815068?
False
Does 8 divide 48864?
True
Is 118 a factor of 309514?
True
Does 144 divide 255744?
True
Does 866 divide 1344032?
True
Is 2839835 a multiple of 763?
False
Does 60 divide 5400?
True
Does 250 divide 2720000?
True
Does 8 divide 6754?
False
Does 21 divide 77724?
False
Does 492 divide 18154800?
True
Does 7 divide 1549254?
True
Does 20 divide 999426?
False
Is 4540686 a multiple of 1447?
True
Is 216394 a multiple of 421?
True
Is 14 a factor of 1015833?
False
Is 316705 a multiple of 97?
True
Does 113 divide 107237?
True
Is 90180 a multiple of 10?
True
Is 160 a factor of 8154019?
False
Is 133093 a multiple of 166?
False
Does 36 divide 375739?
False
Does 10 divide 522350?
True
Is 3601700 a multiple of 50?
True
Does 331 divide 5343664?
True
Does 6 divide 10630782?
True
Is 22 a factor of 635294?
True
Is 53 a factor of 7723637?
True
Does 144 divide 18768?
False
Does 4 divide 88586?
False
Is 4 a factor of 142604?
True
Is 1196838 a multiple of 27?
False
Does 124 divide 93702?
False
Does 28 divide 1091616?
False
Is 332 a factor of 211816?
True
Is 17 a factor of 77010?
True
Is 28690648 a multiple of 14?
True
Is 1584465 a multiple of 10?
False
Is 175 a factor of 81345?
False
Does 205 divide 324562?
False
Is 5324551 a multiple of 508?
False
Is 24 a factor of 257315?
False
Does 13 divide 3692978?
False
Is 399556 a multiple of 46?
True
Does 8 divide 34080?
True
Is 2884245 a multiple of 13?
True
Is 475835 a multiple of 5?
True
Does 52 divide 17160?
True
Is 1080 a factor of 606332?
False
Is 2515002 a multiple of 14?
True
Does 5 divide 3538?
False
Is 1336441 a multiple of 9?
False
Is 207 a factor of 2826999?
True
Is 4685087 a multiple of 261?
False
Is 4282232 a multiple of 148?
True
Is 250632 a multiple of 72?
True
Does 2 divide 168946?
True
Is 12 a factor of 2514505?
False
Does 1510 divide 4098599?
False
Is 20250770 a multiple of 190?
True
Is 10 a factor of 6369?
False
Is 184 a factor of 278944?
True
Does 230 divide 10591730?
True
Is 686714 a multiple of 9?
False
Does 243 divide 2315304?
True
Does 183 divide 168588?
False
Is 203 a factor of 58261?
True
Does 103 divide 1408422?
True
Does 54 divide 893342?
False
Does 26 divide 12151490?
True
Is 48 a factor of 847152?
True
Does 57 divide 2845725?
True
Does 158 divide 446960?
False
Is 1392425 a multiple of 10?
False
Is 145801 a multiple of 6?
False
Is 3114603 a multiple of 271?
True
Is 466 a factor of 148188?
True
Is 23 a factor of 7837756?
True
Is 21186480 a multiple of 99?
False
Does 93 divide 4099719?
True
Does 2652 divide 33108104?
False
Is 2150059 a multiple of 298?
False
Is 3969956 a multiple of 11?
False
Is 411564 a multiple of 9?
False
Is 3 a factor of 4463049?
True
Is 74710 a multiple of 5?
True
Does 693 divide 732501?
True
Does 41 divide 12903130?
False
Does 9 divide 419700?
False
Does 4 divide 67280?
True
Is 377767 a multiple of 69?
False
Is 36 a factor of 450828?
True
Is 1462570 a multiple of 2?
True
Is 8468148 a multiple of 6?
True
Does 1291 divide 1571147?
True
Is 1705961 a multiple of 480?
False
Is 2824 a factor of 29676312?
False
Is 9 a factor of 427532?
False
Does 6 divide 303336?
True
Does 6 divide 2197737?
False
Is 117831 a multiple of 93?
True
Is 49 a factor of 7609136?
False
Does 18 divide 1015470?
True
Does 50 divide 461412?
False
Is 29 a factor of 1154519?
True
Does 200 divide 872202?
False
Is 381068 a multiple of 30?
False
Does 897 divide 232140?
False
Is 70265 a multiple of 23?
True
Is 196 a factor of 214593?
False
Is 40392 a multiple of 72?
True
Is 945385 a multiple of 563?
False
Is 44 a factor of 1278664?
False
Does 726 divide 2117326?
False
Is 7 a factor of 126755?
False
Is 14 a factor of 3527882?
False
Is 466 a factor of 323404?
True
Does 9 divide 546900?
False
Does 13 divide 8056074?
True
Is 951 a factor of 731831?
False
Is 180 a factor of 300504?
False
Is 9 a factor of 272363?
False
Does 471 divide 4546086?
False
Is 10040812 a multiple of 991?
True
Is 3 a factor of 117449?
False
Is 556248 a multiple of 308?
True
Does 304 divide 1374630?
False
Does 264 divide 1585182?
False
Is 2667944 a multiple of 26?
False
Is 15 a factor of 49071?
False
Does 211 divide 312191?
False
Is 824081 a multiple of 58?
False
Is 19 a factor of 27023?
False
Does 16 divide 303710?
False
Is 1323025 a multiple of 80?
False
Does 189 divide 3453304?
False
Does 244 divide 2658136?
True
Is 60 a factor of 2823300?
True
Is 165 a factor of 495?
True
Is 86744 a multiple of 14?
True
Is 11272265 a multiple of 202?
False
Is 7 a factor of 3965248?
True
Is 2301335 a multiple of 347?
False
Is 2113530 a multiple of 12?
False
Is 68604 a multiple of 12?
True
Is 248896 a multiple of 3?
False
Does 9 divide 40329?
True
Is 186 a factor of 75330?
True
Is 961053 even?
False
Is 199 a factor of 1046087?
False
Does 112 divide 175474?
False
Does 11 divide 2999188?
False
Does 271 divide 562813?
False
Is 11306443 a multiple of 90?
False
Is 3036371 a multiple of 247?
True
Is 5 a factor of 47615?
True
Does 443 divide 144861?
True
Is 642420 a multiple of 36?
True
Does 134 divide 360975?
False
Is 149 a factor of 3129?
True
Does 54 divide 439595?
False
Does 59 divide 939561?
False
Does 4 divide 4136216?
True
Is 430688 a multiple of 8?
True
Is 217 a factor of 1958424?
False
Is 46769 a multiple of 49?
False
Does 63 divide 11074364?
False
Does 26 divide 2864791?
False
Is 144456 a multiple of 28?
False
Is 8 a factor of 166392?
True
Is 130635 a multiple of 9?
True
Is 335871 a multiple of 2?
False
Is 172 a factor of 7525860?
True
Is 43 a factor of 77056?
True
Does 1105 divide 614904?
False
Is 3 a factor of 53480?
False
Is 129 a factor of 4846788?
True
Is 5448630 a multiple of 1185?
True
Does 400 divide 3546800?
True
Is 4398 a multiple of 41?
False
Is 838470 a multiple of 92?
False
Does 129 divide 135321?
True
Is 633880 a multiple of 16?
False
Does 59 divide 2664029?
False
Does 5 divide 2174?
False
Is 5573863 a multiple of 52?
False
Is 32 a factor of 1603601?
False
Is 167 a factor of 132218?
False
Does 22 divide 189968?
False
Is 34 a factor of 15625924?
True
Does 536 divide 5089856?
True
Does 8 divide 423584?
True
Is 59 a factor of 33077?
False
Is 208 a factor of 834912?
True
Is 28 a factor of 1229098?
False
Is 8966189 a multiple of 463?
False
Is 65 a factor of 1333540?
True
Is 35 a factor of 48545?
True
Does 87 divide 110664?
True
Is 1946697 a multiple of 17?
False
Does 12 divide 472248?
True
Is 443540 a multiple of 20?
True
Is 385675 a multiple of 26?
False
Is 65 a factor of 240565?
True
Is 195564 a multiple of 12?
True
Is 810777 a multiple of 79?
True
Does 284 divide 201850?
False
Is 19 a factor of 297451?
False
Is 7580382 a multiple of 7?
False
Is 13 a factor of 480748?
False
Is 1741714 a multiple of 556?
False
Is 4909446 a multiple of 1866?
True
Does 25 divide 6649199?
False
Does 23 divide 15024198?
True
Is 23 a factor of 2760?
True
Is 6761517 a multiple of 14?
False
Does 1069 divide 1140021?
False
Is 8304729 a multiple of 739?
False
Is 151 a factor of 384295?
True
Is 17034885 a multiple of 35?
True
Does 487 divide 330741?
False
Is 28378 a multiple of 5?
False
Does 100 divide 688560?
False
Does 22 divide 219252?
True
Is 7704822 a multiple of 13?
False
Is 291 a factor of 334359?
True
Is 2140 a factor of 2591540?
True
Is 1169 a factor of 1742979?
True
Does 7 divide 1587551?
True
Is 158122 a multiple of 390?
False
Does 544 divide 119503?
False
Is 64 a factor of 813120?
True
Does 1495 divide 559130?
True
Is 7809281 a multiple of 48?
False
Is 110 a factor of 181373?
False
Is 71588 a multiple of 30?
False
Is 57 a factor of 134349?
True
Is 235123 a multiple of 231?
False
Is 92 a factor of 5605836?
True
Is 4081980 a multiple of 70?
True
Is 507 a factor of 751997?
False
Does 56 divide 72006?
False
Is 82922 a multiple of 43?
False
Is 101664 a multiple of 11?
False
Is 13 a factor of 1075355?
False
Is 354541 a multiple of 11?
True
Does 366 divide 5956650?
True
Is 2492490 a multiple of 154?
True
Does 5 divide 129927?
False
Does 9 divide 35946?
True
Does 40 divide 3817232?
False
Does 32 divide 2788864?
True
Is 1585542 a multiple of 42?
True
Is 20 a factor of 128560?
True
Does 12 divide 32949?
False
Does 384 divide 562777?
False
Is 134